?
False
Is 11717 a composite number?
False
Is 1399 composite?
False
Is 148949 composite?
False
Is 42277 a prime number?
False
Is 14347 a prime number?
True
Is 28859 a prime number?
True
Is 43913 composite?
False
Is 1035961 a prime number?
False
Is 321947 a composite number?
False
Is 319727 prime?
True
Is 863 composite?
False
Is 55291 a composite number?
False
Is 67109 composite?
True
Is 81749 prime?
True
Is 16567 a prime number?
True
Is 28781 prime?
False
Is 337969 composite?
False
Is 292133 prime?
True
Is 9901 a prime number?
True
Is 40363 prime?
False
Is 186131 composite?
True
Is 67 a prime number?
True
Is 26137 prime?
False
Is 7981 composite?
True
Is 25657 a composite number?
False
Is 263927 a prime number?
True
Is 177863 prime?
False
Is 3271 prime?
True
Is 23239 a composite number?
True
Is 7609 composite?
True
Is 156431 composite?
True
Is 155 a composite number?
True
Is 20071 a prime number?
True
Is 1380441 a prime number?
False
Is 3817 a prime number?
False
Is 148787 a prime number?
False
Is 43391 prime?
True
Is 16897 composite?
True
Is 41215 composite?
True
Is 13571 composite?
True
Is 2053 a prime number?
True
Is 719671 prime?
True
Is 105019 prime?
True
Is 111039 a prime number?
False
Is 3494 a composite number?
True
Is 27199 a composite number?
True
Is 186869 a prime number?
True
Is 451429 prime?
False
Is 59921 prime?
True
Is 16547 composite?
False
Is 277201 prime?
False
Is 79031 prime?
True
Is 1048877 composite?
False
Is 113819 a prime number?
True
Is 178681 prime?
True
Is 536593 a prime number?
True
Is 5323 composite?
False
Is 7187 a composite number?
False
Is 123341 composite?
False
Is 13901 a prime number?
True
Is 1412789 a composite number?
True
Is 116867 a composite number?
False
Is 270107 prime?
False
Is 176261 a composite number?
False
Is 172195 prime?
False
Is 42037 a composite number?
True
Is 12323 a prime number?
True
Is 645383 a prime number?
True
Is 246893 prime?
False
Is 2522287 a prime number?
False
Is 75479 prime?
True
Is 23323 a composite number?
True
Is 7061 prime?
False
Is 1897381 a prime number?
False
Is 4357 a composite number?
False
Is 8691 prime?
False
Is 25439 a composite number?
False
Is 47737 a prime number?
True
Is 517357 prime?
False
Is 4333 a composite number?
True
Is 42829 a composite number?
False
Is 2156039 composite?
False
Is 67477 a composite number?
False
Is 1651 prime?
False
Is 19111 a composite number?
True
Is 246014 composite?
True
Is 44483 a composite number?
False
Is 22291 a composite number?
False
Is 86947 a composite number?
True
Is 606407 a prime number?
False
Is 14545 composite?
True
Is 41669 a prime number?
True
Is 14621 a composite number?
False
Is 3136943 composite?
False
Is 67243 a composite number?
True
Is 8267 prime?
False
Is 38837 composite?
True
Is 4248709 a composite number?
False
Is 235617 a prime number?
False
Is 20941 prime?
False
Is 150827 a composite number?
False
Is 1438 a prime number?
False
Is 500173 a prime number?
True
Is 390527 prime?
True
Is 2784137 a composite number?
False
Is 3543 composite?
True
Is 1013581 prime?
True
Is 1889 a composite number?
False
Is 72395 a prime number?
False
Is 303223 prime?
False
Is 136231 a prime number?
False
Is 899533 a prime number?
False
Is 223031 a prime number?
False
Is 219158 a composite number?
True
Is 19121 a composite number?
False
Is 118481 composite?
True
Is 5581 composite?
False
Is 150103 a composite number?
True
Is 57053 prime?
False
Is 821 a prime number?
True
Is 447943 a prime number?
True
Is 1378373 prime?
True
Is 5519 prime?
True
Is 10559 a composite number?
False
Is 19783 a prime number?
False
Is 17539 prime?
True
Is 629 a composite number?
True
Is 53615 a composite number?
True
Is 64445 a composite number?
True
Is 9327 prime?
False
Is 54493 a prime number?
True
Is 23663 composite?
False
Is 495933 composite?
True
Is 375553 a prime number?
True
Is 275203 composite?
True
Is 58889 prime?
True
Is 1711 a composite number?
True
Is 2978423 a composite number?
True
Is 110351 a prime number?
False
Is 14777 a composite number?
True
Is 35419 composite?
False
Is 8803 composite?
False
Is 501 prime?
False
Is 24861 a prime number?
False
Is 224747 a prime number?
False
Is 29789 prime?
True
Is 10331 a prime number?
True
Is 1203 a composite number?
True
Is 7142 prime?
False
Is 2775161 prime?
True
Is 471781 a composite number?
False
Is 401545 a prime number?
False
Is 46589 composite?
False
Is 126001 a prime number?
True
Is 1490783 a prime number?
False
Is 140703 a composite number?
True
Is 1541 a prime number?
False
Is 84713 prime?
True
Is 502 a prime number?
False
Is 4591 a prime number?
True
Is 3543 prime?
False
Is 47 a composite number?
False
Is 281949 prime?
False
Is 7121 a prime number?
True
Is 138977 composite?
False
Is 167815 a prime number?
False
Is 1535 a composite number?
True
Is 9287 a prime number?
False
Is 280331 prime?
False
Is 4111 a prime number?
True
Is 1529647 prime?
False
Is 85469 prime?
True
Is 673667 a composite number?
False
Is 74581 prime?
False
Is 1363301 prime?
True
Is 80167 prime?
True
Is 32297 a prime number?
True
Is 86677 a prime number?
True
Is 37 a prime number?
True
Is 9661777 a prime number?
True
Is 77317 a composite number?
False
Is 38483 prime?
False
Is 41723 prime?
False
Is 200569 composite?
False
Is 269023 a prime number?
True
Is 2132597 prime?
False
Is 30329 prime?
False
Is 487 a composite number?
False
Is 342137 a composite number?
True
Is 4115 composite?
True
Is 1198511 composite?
False
Is 86287 prime?
True
Is 35095 prime?
False
Is 1501 a composite number?
True
Is 122926 a composite number?
True
Is 18419 a composite number?
True
Is 15511 prime?
True
Is 314123 prime?
False
Is 242129 a prime number?
True
Is 518659 a composite number?
True
Is 261697 composite?
False
Is 34169 prime?
False
Is 1189 composite?
True
Is 1038319 prime?
True
Is 10637 a composite number?
True
Is 8767 a prime number?
False
Is 83023 a prime number?
True
Is 106877 a prime number?
True
Is 143443 prime?
True
Is 1780231 a composite number?
False
Is 2385561 a composite number?
True
Is 1347 prime?
False
Is 2551 a prime number?
True
Is 187 a composite number?
True
Is 95813 a composite number?
False
Is 7613 a composite number?
True
Is 360901 a prime number?
True
Is 49403 a composite number?
True
Is 25613 prime?
False
Is 30431 a prime number?
True
Is 137227 prime?
False
Is 1811 composite?
False
Is 9227 a prime number?
True
Is 4613 a prime number?
False
Is 17467 prime?
True
Is 1519347 prime?
False
Is 71171 a prime number?
True
Is 5601469 prime?
True
Is 776323 prime?
False
Is 1873177 prime?
False
Is 34637 composite?
True
Is 61139 a composite number?
True
Is 57059 a prime number?
True
Is 510979 a prime number?
False
Is 2735 prime?
False
Is 369859 prime?
False
Is 3757147 prime?
True
Is 38113 composite?
False
Is 502639 composite?
True
Is 145226 prime?
False
Is 5509 prime?
False
Is 869879 prime?
True
Is 334319 a composite number?
False
Is 305683 composite?
True
Is 13643 prime?
False
Is 206977 a composite number?
True
Is 173429 composite?
False
Is 127817 composite?
False
Is 520673 prime?
False
Is 16871 prime?
True
Is 1869691 a prime number?
True
Is 132421 a composite number?
False
Is 8677 composite?
False
Is 2753999 prime?
True
Is 1514 composite?
True
Is 929729 composite?
True
Is 333379 a composite number?
True
Is 1081 prime?
False
Is 21719 a prime number?
False
Is 284623 prime?
True
Is 9239 composite?
False
Is 2580287 composite?
False
Is 81839 composite?
False
Is 1643857 prime?
True
Is 13843 a composite number?
True
Is 1172429 prime?
True
Is 117677 a prime number?
False
Is 15421 composite?
True
Is 45599 a composite number?
False
Is 7867 a prime number?
True
Is 1165089 a composite number?
True
Is 44221 composite?
False
Is 7993 a prime number?
True
Is 122 prime?
False
Is 11197 a composite number?
False
Is 29443 a composite number?
False
Is 3653 prime?
False
Is 265 prime?
False
Is 140053 composite?
False
Is 63197 a composite number?
False
Is 1096649 prime?
False
Is 6599 a prime number?
True
Is 260539 prime?
True
Is 77086 prime?
False
Is 1247377 prime?
False
Is 118409 prime?
True
Is 31273 composite?
True
Is 2999 a prime number?
True
Is 49909 prime?
False
Is 701 prime?
True
Is 1655843 a prime number?
False
Is 30867 composite?
True
Is 112643 composite?